 + 3*b**2 + b - 2. Let p = 14 - 11. Let o be y(p). What is t(o)?
10
Let v(c) be the second derivative of -1/2*c**2 - 1/6*c**3 + 0 - 4*c. Let b(u) = 2*u - 1. Let h be b(3). Give v(h).
-6
Let y(j) = -j - 3. Let w be y(-6). Suppose w = -2*v - 9. Let o(n) = 0*n + 2*n - 4 - 3*n - 4. Calculate o(v).
-2
Let h = 16 - 18. Let p(q) = -2*q**2 - q + 1. Give p(h).
-5
Suppose -3*u = -4*n - 6, n + 0*n = u - 1. Let p be u*((-3 - -3) + -1). Let h(j) = 3*j**2 - j. Calculate h(p).
10
Let h(m) be the second derivative of -1/12*m**4 + 1/3*m**3 - m - 1/2*m**2 + 0 - 1/10*m**5. Determine h(-2).
7
Let u(s) = s + 2. Let h = -17 + 26. Let g = -7 + h. Determine u(g).
4
Suppose -4*v = -3*v - 1. Let j(d) = 0 - 1 - v + d. Give j(4).
2
Suppose 2*s - 4*m = 30, 5*s + 0*m - 30 = m. Let n(j) = j**2 - 3*j + 5. Calculate n(s).
15
Let s(o) = -o - 1. Let d(n) = 2*n**2 - 10*n - 9. Let y(p) = d(p) - 5*s(p). Determine y(4).
8
Let a(j) = -j**3 - 8*j**2 + 6*j - 21. Let f be a(-9). Let x(s) = 2*s - 9. Give x(f).
3
Let t(x) = 1 - x**3 + 1 + 1 - 8*x**2 + 3*x + 3*x**2. Calculate t(-3).
-24
Let c(q) = -2*q + 0*q - 1098 + 1099. Give c(2).
-3
Suppose -3*x - 6 = 4*p, -p - 2*p = 3*x + 3. Let b(a) be the second derivative of 0 - 1/20*a**5 - 3*a**x - a + 1/6*a**3 - 1/12*a**4. Determine b(0).
-6
Let j = 15 - 11. Let f = j + 1. Let s(p) = -p**3 + 5*p**2 - 7. Give s(f).
-7
Suppose 5*i = -11 - 4. Let x(b) = -2*b**2 - 3*b + 2. Calculate x(i).
-7
Suppose -6*g + 25 = -g. Let p(a) = -g - a + a - a. Calculate p(0).
-5
Suppose -16 = 2*j + 2*j. Let n(t) be the first derivative of -5/2*t**2 - 1/3*t**3 - 3*t + 3. Calculate n(j).
1
Let h = -109 + 106. Let u(g) = -g**3 - 3*g**2 - 4*g - 4. Calculate u(h).
8
Let i = 0 - 0. Suppose i = 2*f + f. Let h(j) = -3*j**2 + 2*j + 14. Let z(v) = -4*v**2 + 3*v + 21. Let a(n) = -7*h(n) + 5*z(n). Calculate a(f).
7
Let f(x) = -7*x**3 - 7*x**2 - x. Let z(a) be the first derivative of -a**4/4 - a**3/3 + a - 12. Let s = -2 + 3. Let h(u) = s*f(u) - 6*z(u). What is h(0)?
-6
Let g(i) be the third derivative of 0 + 1/12*i**4 - 1/60*i**5 + 0*i - 1/2*i**3 + 6*i**2. Calculate g(2).
-3
Suppose 0 = -3*s + 5*s + 6. Let w(f) be the first derivative of -4 - 4*f - 2/3*f**3 + 3/2*f**2 - 1/4*f**4. Determine w(s).
-4
Suppose -3*j + 12 + 0 = 0. Suppose j*l + 8 + 8 = 0. Let h(y) be the third derivative of -y**6/120 - y**5/12 - y**4/6 - y**3/2 + y**2. What is h(l)?
-3
Let v be -14*((4 - 9) + 4). Let i = v + -19. Let n(r) be the third derivative of -r**6/120 - r**5/10 - r**4/4 - 2*r**3/3 + r**2. Calculate n(i).
1
Let b(x) = -x**2 + 4*x + 2. Let v(a) = 2*a. Let u(l) = -l. Let g(h) = 7*u(h) + 3*v(h). Let c(n) = -b(n) - 3*g(n). Determine c(-2).
4
Let s be 2/2*5/1. Let v(g) = g + 1. Let c(o) be the third derivative of -o**4/24 + 3*o**2. Let x(d) = 4*c(d) + 3*v(d). What is x(s)?
-2
Let k(i) = -i**2 - 5*i + 8. Suppose -5*j - 6 = -4*j. Give k(j).
2
Let g(d) = d - 5. Let f(u) = -u + 5. Let h(y) = 6*f(y) + 5*g(y). Calculate h(6).
-1
Let i(b) = 9*b - 11. Let f(n) = -n**2 - 19*n + 21. Let s(p) = 3*f(p) + 5*i(p). Let t(g) = -g**2 - 4*g + 3. Let j(r) = 2*s(r) - 7*t(r). Determine j(-6).
7
Let b be 28/12 - 1/3. Suppose -w - 2*v = -6, 7*v - 4*v - 9 = w. Suppose -x + b = -w*x. Let y(s) = -s**3 + s**2 + 2*s - 3. What is y(x)?
-3
Let q(t) = 3 + 2*t**3 + 554*t**2 - 548*t**2 + t - t**3. What is q(-6)?
-3
Let i(g) = -g**3 + g**2 + g - 2. Let b be 1 + -7 - -3 - (-7 - -6). What is i(b)?
8
Let k(c) = 2*c**2 + 2*c - 2. Let u(n) be the third derivative of -2*n**2 - 1/120*n**6 - 1/3*n**3 + 0 - 1/10*n**5 + 0*n**4 + 0*n. Let d be u(-6). Determine k(d).
2
Let j(l) = l - 1. Let p be 3 + 8*(0 - 1). Let u = -2 - p. Determine j(u).
2
Let p = -5 - -7. Let i(w) = -60*w - 5 + 67*w - w**2 + 0*w**p. Calculate i(5).
5
Let i(d) = d + 13. Let v = -70 - -64. What is i(v)?
7
Let s(f) be the third derivative of -f**6/120 - f**4/24 - 6*f**2. Let w(h) = -h + 3*h**3 + 5*h - 3*h + 3. Let k(g) = 4*s(g) + w(g). What is k(2)?
-11
Let r(l) be the second derivative of -l**5/20 + 2*l**4/3 - 4*l**3/3 + 3*l**2 - 6*l. Calculate r(7).
-1
Let s(l) = -7*l + 4. Suppose 5*k = -4*m - 22, -2*k + 2*m - 16 = -0*m. Let d(o) = -8*o + 5. Let y = 2 + 5. Let r(g) = k*d(g) + y*s(g). Determine r(2).
-4
Suppose 4*c + 3*q + 3 = 0, 2*q - 4 = -c - 1. Let y(t) = -6*t - 17108 + 17112 + 4*t. What is y(c)?
10
Let x(f) = -f + 6. Let v be x(11). Let n(j) = j + 3. Give n(v).
-2
Suppose 4*s - 6 = -3*p, -3*s - 2*p + 8 = 2*p. Let v(q) = q**2 - q. Let h(z) = 7*z**2 - 5*z + 2. Let o(c) = h(c) - 6*v(c). Calculate o(s).
2
Let d = 7 - 6. Let b(s) = 6*s - 2 - s + d - s**2. What is b(3)?
5
Let y = -3 + 5. Let l(k) = -1 - 9*k - 1 - 4*k**y + 8*k + 3*k**2. Let u be 4/(-3)*(-9)/(-6). Calculate l(u).
-4
Let q be 14/4*(-28)/(-49). Let l(b) = b**2 - 5*b + 2. Let o be l(5). Let r(m) = m**q - 2*m**o + 2*m**2 - 2*m - 2. Calculate r(4).
6
Suppose 1 - 3 = -2*x. Let i(a) = -43*a**3 + 11*a**2 - 11. Let c(d) = 22*d**3 - 6*d**2 + 6. Let u(l) = 11*c(l) + 6*i(l). Calculate u(x).
-16
Let a(z) = z**3 - z**2 - 2*z + 2. Let m be a(2). Let s(x) be the second derivative of 0 - 5/2*x**m + 2*x - 1/6*x**3. Give s(0).
-5
Let a(m) = -m**3 - 4*m**2 - 4*m - 3. Suppose -12 = 5*f - 2. Calculate a(f).
-3
Let r(m) be the third derivative of m**5/120 + m**4/24 + m**3/2 - 3*m**2. Let v(x) be the first derivative of r(x). What is v(-6)?
-5
Let v = 8 + -3. Let q(d) = 4*d**2 - 11*d + 33. Let h(m) = m**2 - 3*m + 5. Let u be h(4). Let a(l) = l**2 - 3*l + 8. Let r(z) = u*a(z) - 2*q(z). Give r(v).
6
Let o(z) = 2*z + 4. Suppose -3 = -t + 2*x, t - 6*t + 5*x + 15 = 0. Calculate o(t).
10
Let p(k) = -3*k - 8. Let u(n) = n + 3. Let v be 1 - (-2 - 14)/1. Let s(r) = v*u(r) + 6*p(r). Let a be (6/5)/((-39)/(-130)). What is s(a)?
-1
Let y be ((-12)/(-2))/((-2)/(-1)). Let c(v) = 6*v - v**2 + 0*v - y*v + 5*v - 7. Give c(6).
5
Let n(p) = p**3 - 3*p**2 - p - 3. Let o be (1/3)/((-1)/(-12)). Determine n(o).
9
Let u(h) = 15*h**3 + 4*h**2 - 5*h - 14*h**3 - 3 + 1. Determine u(-5).
-2
Suppose -3*j = -2*j - 2. Let k be (j/4)/(4/24). Let m(d) = -d + 3. Calculate m(k).
0
Let a be 2 + (1 - 3) - -5. Let h be 4/10*(-50)/a. Let y(v) = -5*v**2 - 15*v. Let j(o) = o**2 + 3*o. Let l(r) = -11*j(r) - 2*y(r). Calculate l(h).
-4
Let n be 1/(-2)*-2*5. Suppose 9 = 2*i - 5*i, 7 = 4*y - n*i. Let s(m) be the first derivative of -m**3/3 - m**2 - 3*m - 2. Determine s(y).
-3
Let n(v) = v**3 - 2*v**2 - 3*v - 3. Let a = -22 - -25. Determine n(a).
-3
Suppose -13 - 8 = -3*v. Let h(u) = u - u + v - u. Suppose 5 - 21 = -4*t, t - 4 = 3*n. Determine h(n).
7
Let l(z) = 6*z + 1. Let y(d) = -13 - d + 13. Let s(b) = -l(b) - 5*y(b). Calculate s(-3).
2
Suppose -25 = 8*q + 23. Let m(n) = n**2 + 3*n + 9. What is m(q)?
27
Let x(k) = 3*k + 6. Let h(w) = -7*w - 12. Let o(n) = 3*h(n) + 5*x(n). Calculate o(-4).
18
Let v(z) be the third derivative of -z**5/60 - 5*z**4/24 + 5*z**3/6 + z**2. Let n be v(-6). Let f(u) = 9*u**3 + 2*u**2 + 2*u + 1. What is f(n)?
-8
Let s(m) = -4*m + 7*m**2 - 64 + 64 + 3*m. Give s(-1).
8
Suppose 0 = -0*a - a + 4. Suppose a*u = 6*u + 4*i + 6, -3*i - 12 = 4*u. Let d(n) = -n**2 - 3*n. Give d(u).
0
Let b(a) = 4*a + 12. Let y(p) = -p - 4. Let w(i) = -2*b(i) - 7*y(i). Calculate w(0).
4
Suppose 4*h - 20 = 4*s, 7*s + 4*h = 2*s + 20. Let j(b) = b**2 + b + 2. Let x be j(s). Let c(v) = 0*v + v - x*v - 1. What is c(-3)?
2
Let i(j) = 408*j - 206*j - 200*j + 8. Give i(-7).
-6
Let a(t) = 6*t + 7*t + 1 - 10*t + 0*t. Calculate a(-1).
-2
Suppose 12 = -v - 5*s, 5*v = -4*s - s. Let l(u) = -u**2 + u - 3. Calculate l(v).
-9
Let t be 8/3 + 2/6. Let k(q) be the first derivative of -q**4/8 + q**3/3 - 2*q**2 + 1. Let u(x) be the second derivative of k(x). What is u(t)?
-7
Suppose 3*g - g - 4*g = 0. Let a(j) be the first derivative of 1/2*j**2 + 1/3*j**3 + g*j - 3. Determine a(-3).
6
Let g(l) = l + 8. Let i be (-15 - -6)/((-3)/(-2)). Give g(i).
2
Let g(j) = -j. Let s = 50 + -52. What is g(s)?
2
Suppose 2*i - 6 - 2 = 0. Let h(j) = -2 - 5*j**2 + 4*j - 1 + i*j**2. Suppose -o - 4 + 7 = 0. Give h(o).
0
Let b = 4 - 5. Let w(o) = o - 1. Let f(s) = -2*s**2 + 6*s - 6. Let x(p) = 2*f(p) - 12*w(p). Calculate x(b).
-4
Let w(o) = -2 + 0*o + 3*o - 6*o + 4*o. Let d be w(2). Let c = d - -3. Let l(p) = 2*p**2 - 4*p. Calculate l(c).
6
Let d(x) = -x**3 + 8*x**2 - 11*x + 14. Let s be d(6). Suppose s = 2*q - 5*r, 5*q - 